 + 3*o + 152. Let n = m - -75. Let y(a) = -3*a. Give y(n).
-6
Let v(h) = 2*h**3 - 12*h**2 + h + 3. Let f = 129 + -136. Let t(u) = u**3 - 6*u**2 + u + 2. Let n(d) = f*t(d) + 3*v(d). Calculate n(4).
11
Let b(k) be the third derivative of k**6/120 - k**5/60 + k**2. Let t(s) = -102*s - 2345. Let u be t(-23). Determine b(u).
0
Suppose 11 + 7 = -3*n - 5*d, 6 = -n + 2*d. Let k(j) = j**3 + 6*j**2 - 3*j. Calculate k(n).
18
Let q be (-8 + 7)*(-1 - 4). Let i = 4 - q. Let a(v) = -2*v - 12. Let s(k) = 2*k + 7. Let w(l) = -4*a(l) - 7*s(l). Give w(i).
5
Let x = 14 - 10. Suppose 0*a - 5*r = x*a - 24, 2*r - 36 = -4*a. Suppose 9*t = a*t. Let h(f) = f**2 + 2. Give h(t).
2
Let x(i) be the first derivative of 3*i**2/2 + 9*i + 1867. Suppose -6 = 3*a - 2*q, 3*a = -0*q - 2*q - 18. Let p be 18/15*(-1 + a). What is x(p)?
-9
Let q(x) = -x**2 + 16*x - 19. Let c = 1374 + -1359. Calculate q(c).
-4
Suppose -9*z + 2 = -8*z. Let j(v) = v**3 - z*v**2 - v - v**2 - 64 - 2*v + 61. Give j(3).
-12
Let g(c) = 3*c**2 - 2*c - 2. Let q be g(-1). Let p(t) = 0*t**3 + 7*t - t**q + 109*t**2 + 3 - 228*t**2 + 116*t**2. Calculate p(-5).
18
Let o(n) = -2*n + 52. Let y be o(26). Let v(z) = z**3 - z**2 + 2*z - 8. Give v(y).
-8
Let s(p) = p + 1. Let h(x) = -x**3 + x**2 + 2*x + 4. Let c(f) = h(f) - 2*s(f). Let b(r) = -r**2 - 5*r - 2. Let k be b(-4). Give c(k).
-2
Let f(h) = h**2 + 7*h + 6. Suppose -5*m + 1 = 2*n - 7, 0 = -4*m - 5*n + 3. Suppose -3*x = 5*t + 26, 0*x - 2*x = m*t + 12. Determine f(t).
-6
Let b(d) = -d + 9. Let u be 4440/540 + (-2)/9. What is b(u)?
1
Suppose -44 = -8*m + 20. Let c(t) = -t**3 + 8*t**2 + t - 16. Determine c(m).
-8
Let d be 4/(2 + 0) + 0. Suppose -2 = -3*x + x. Let c(m) = 2 - x + 1 + 2*m + d. Give c(-6).
-8
Let q = 18 + -19. Let z(s) be the third derivative of s**5/60 - s**4/24 - s**3/6 + s**2 + 14. Calculate z(q).
1
Let l(n) = -6*n - 5. Let j be l(-6). Let h = 27 - j. Let i(z) = z**3 + 5*z**2 + 5*z + 3. Give i(h).
-1
Suppose -m + d = 6*d - 17, 22 = 5*m + 4*d. Let t(h) = -h**3 - 6*h**2 + 1 + 4*h**2 - h**m - 3*h**2 - 4*h. Determine t(-5).
-4
Let p(j) be the second derivative of j**4/6 - j**3/3 - 5*j**2 + 381*j. Calculate p(-3).
14
Let s(n) be the third derivative of n**5/60 + n**4/4 + 7*n**3/6 + 760*n**2. Let a = 6 + -12. Calculate s(a).
7
Let p(n) = -n**2 + n + 1. Let d(h) = -2*h**2 + 5*h + 22. Let m be d(6). Let l(g) = g**2 - 10*g + 3. Let u be l(7). Let f = m - u. Determine p(f).
-5
Let f be 10/45 - (-11)/(-9). Let o(a) = -6*a**2 - 21*a - 21. Let m(b) = -b**2 - 4*b - 4. Let g(k) = -21*m(k) + 4*o(k). What is g(f)?
-3
Suppose -2*x + t + 19 = 0, -2*x - 31 + 47 = -2*t. Let w(q) = 2*q**2 - 23*q + 4. What is w(x)?
-7
Let i(p) = -2*p + 11*p - p**2 - 7*p - 1 - p. Determine i(-4).
-21
Let b(i) be the second derivative of i**5/60 + 5*i**4/24 - i**3 - 9*i**2 + 8*i. Let r(g) be the first derivative of b(g). Determine r(-5).
-6
Let c(g) = 3*g**3 - 2*g**2 - g + 2. Suppose 14*z - 11 - 3 = 0. Calculate c(z).
2
Let j(c) = -3*c - 14. Let g be j(-6). Let x(l) = -2 + 0 - 3 + l + g - 3*l**2. Let a be (2 - 0)/2 - -1. What is x(a)?
-11
Let z(w) = -3*w**2 - 3*w - 4 - w**3 + 5*w**2 + 0 - 7*w**2. Let a be 14/(-56) + 9/4. Let i(j) = j - 6. Let b be i(a). Determine z(b).
-8
Let k be (-52)/(-14) + (-2)/(-7). Let o(m) = m**3 + m**2 + 1. Let w(g) = -g**3 - 6*g**2 - 5*g + g**2 - 25 + 23. Let y(b) = 2*o(b) + w(b). Determine y(k).
-4
Let t(p) = -3*p**3 + 7*p**2 - 10*p - 3. Let y(h) = -4*h**3 + 8*h**2 - 11*h - 3. Let s(g) = -5*t(g) + 4*y(g). Let m = -224 + 220. Give s(m).
-5
Let l(h) = h**2 - 6*h + 3. Suppose 7*k - 4*k = 0. Let f(m) = m + 2. Let v be f(2). Suppose v*o + k - 12 = 0. Determine l(o).
-6
Let b(q) = -10*q**2 + 7*q**3 - 11*q**2 - 18 - 6*q + 24*q + 5*q**2 - 6*q**3. Determine b(15).
27
Let z(u) = u - 6. Suppose 3*s = 5*w + 23, 4*w - 1 = 7. Suppose -s = -2*p + j, 5*p - 23 = -2*j - 0*j. Suppose -p = -3*v + 13. Calculate z(v).
0
Let n(p) be the first derivative of -5*p + 3/2*p**2 - 15. Determine n(4).
7
Let p(v) = -2*v - 2. Suppose 0 = w - r + 4, 6*r = w + 2*r + 16. Suppose w = 4*d - 32 + 12. Give p(d).
-12
Let t(k) = -k**2 - 8*k - 3. Suppose 2*x - 4*h + 7 = x, 4*h - 10 = 2*x. Let a be (-1 + -3)*x/(-3). Determine t(a).
13
Let f(n) = -2*n**3 + 18*n**2 + 5*n + 18. Let q(j) = -j**3 + 8*j**2 + 2*j + 8. Let x(o) = 3*f(o) - 7*q(o). Let l be 2 + -1*(-2 - -1). Calculate x(l).
10
Let b = -1 + 2. Let h(s) = -s**2 + 13*s - 20. Let i be h(11). Let j(l) = -3*l - 158*l**2 + 2*l + 152*l**i + 2*l. Determine j(b).
-5
Let n(t) = t - t**2 + 3*t - 2*t + 1. Let a = 106 - 108. Give n(a).
-7
Let f(c) = -c**2 - 7*c + 11. Suppose -216 = 40*p - 13*p. Calculate f(p).
3
Let p(t) = t + 13. Let n(u) be the third derivative of -u**6/120 + u**5/30 + u**4/4 - u**3/6 - 17*u**2. Let g be n(4). What is p(g)?
4
Let l be 7/(-14) + 1 - (-21)/6. Let d(t) = t**2 - 6*t + 2. Give d(l).
-6
Let x(a) = a**3 + 4*a**2 - a - 3. Let l(f) = 2*f**3 + 40*f**2 + 36*f - 42. Let q be l(-19). Determine x(q).
1
Let o(w) be the first derivative of 1/6*w**4 - 1/6*w**3 - 6*w - 1/2*w**2 + 2. Let j(p) be the first derivative of o(p). Give j(-1).
2
Suppose -5*i + 13 = 2*b, i + 12 + 3 = 4*b. Suppose -r = n + 1, 2*r + 1 = -b*n - r. Suppose -10 = n*w - 4*w. Let u(x) = x**2 - 5*x + 6. Give u(w).
6
Let k(p) = -34*p - 4. Let r(m) = -20*m - 4. Let c(z) = -3*k(z) + 5*r(z). Suppose 4*v - 30 = v. Give c(v).
12
Let o(t) = t**2 - t + 2. Suppose -24 = 5*x + v, -4*v - 12 = -17*x + 16*x. Give o(x).
22
Let u(s) = s**3 + 5*s**2 + 3*s + 5. Let w be 4 + 6/(6/(-5)). Let z be (-6)/(-3) + (5 - w). Suppose -5*a - 12 = z. Give u(a).
9
Let x(s) = -3*s - 68. Let m be x(-22). Let o(w) = w + 2. What is o(m)?
0
Suppose -4 = -f + m, 0 = -6*f + f - m + 26. Let q(k) = -1 + 230*k + 0 - 228*k. Calculate q(f).
9
Let g(r) = -r**2 + 4*r + 1. Suppose -4*o + b + 2*b = -36, 2*b + 27 = 3*o. Let l be (-26)/(-6) - (-6)/9. Suppose -4*t + l = x - o, -x + 3*t = 0. What is g(x)?
-11
Let r(c) = c**2 - 4*c - 3. Let i(q) = 3*q**2 + 3*q - 2. Let l be i(1). Suppose 4*o - 2*o = 4. Suppose -o*z = -4 - l. Determine r(z).
-3
Let q(u) = u**3 + 2*u + 0 + 6292*u**2 - 2*u - 4 + 3*u - 6300*u**2. Determine q(8).
20
Let y(a) = -a - 1. Suppose -4*n = -3*b - 16, -27*b + n = -32*b + 4. What is y(b)?
-1
Let f(y) = 12*y**2 - 24*y + 12. Let b(t) = -5*t**2 + 11*t - 6. Let z(c) = -7*b(c) - 3*f(c). What is z(-6)?
0
Let h(c) = -4*c - 10. Let z(o) = -2*o - 5. Let v = 32 + -39. Let r(y) = v*z(y) + 3*h(y). Calculate r(-6).
-7
Let p = -7 + 11. Suppose 4*w - 5*v - 8 = 0, p*v + 0*v - 10 = -5*w. Let l(f) = f**w + 38 + f - 37 - 3*f**2. Determine l(-2).
-9
Let z(s) = s**3 + 5*s**2 - 4*s + 8. Let h(g) = -g**2 - 6*g + 20. Let t be h(-8). Let m be t/8 + (-26)/4. Determine z(m).
-4
Let f(i) = -i**2 + i + 2. Let c be f(-2). Let w(b) = b + 3. Let p(h) = 5*h + 13. Let s(j) = -p(j) + 4*w(j). What is s(c)?
3
Let w be 12/10 + -1 - 310/50. Let s(h) = -2*h**2 - 5*h + 1. Let o(p) = -p**2 - 3*p. Let i = 2 - 4. Let v(t) = i*s(t) + 5*o(t). Determine v(w).
-8
Let c(p) = -p**3 - 4*p**2 - 5*p - 3. Suppose i - 10*i - 54 = 0. Let m be (-2)/(-4) - (i/(-4) + 2). Calculate c(m).
3
Let r(q) = -4*q - 5. Let a(p) = 21*p + 24. Let d = 31 + -33. Let i(v) = d*a(v) - 11*r(v). Calculate i(-7).
-7
Let r = 3 - -32. Suppose 0 = -3*c + 2*o + 13 + 3, 5*c = -5*o + r. Let d(n) = -3 - 5*n**2 + c*n**2 + 18*n - 24*n. What is d(5)?
-8
Let z(j) = 2*j**2 - 5*j + 3. Let g = 14 + -11. Let w be z(g). Let v(x) = w + 3*x - 3 + 4*x**2 + 0 + 0*x**3 + x**3. Determine v(-3).
3
Let t(o) be the first derivative of o**2/2 + 2*o - 1. Suppose 4*r + 16 = 0, 2*r + 11 + 27 = 5*i. What is t(i)?
8
Let f(g) be the first derivative of -g**3/3 + 7*g**2/2 + 6*g - 4. Suppose s = -3*s. Suppose -3*m - 29 = -y - y, s = -5*y - 5*m + 10. What is f(y)?
6
Let l(h) be the third derivative of h**4/4 - 9*h**2 + 10. Let f be (-1)/(0 - (1 + 0)). Calculate l(f).
6
Let w(h) = -h**2 - 3*h + 1. Let j(q) = q**3 - 14*q**2 - 14*q + 12. Let p(y) = j(y) + 2*w(y). What is p(17)?
-37
Let m(g) = 11 - 4 - 25*g - 7 + 15*g. Let r = 15 - 11. Suppose 3*w + r - 1 = 4*y, 2*y = 4*w + 4. Give m(w).
10
Let i(h) = 6*h - 15. Let n be i(3). Let l(a) = n*a**2 - a - a + 3*a**2 + a. Calculate l(1).
5
Let h be (-385)/(-25) + -1 - (-10)/(-25). Let p(b) = 2*b - 25. Give p(h).
3
Let z be (-15)/25 - (-111)/(-15). Let w(m) = -m**2 - 9*m. What is w(